{"id":1505,"date":"2020-11-04T00:00:48","date_gmt":"2020-11-03T23:00:48","guid":{"rendered":"https:\/\/www.fqedar.com\/?page_id=1505"},"modified":"2020-11-04T00:01:25","modified_gmt":"2020-11-03T23:01:25","slug":"teleasistencia","status":"publish","type":"page","link":"https:\/\/www.fqedar.com\/?page_id=1505","title":{"rendered":"Teleasistencia"},"content":{"rendered":"<p style=\"text-align: justify;\"><span style=\"color: #000000;\">Desde Fisicoqu\u00edmicos EDAR ponemos en marcha el <strong>nuevo servicio de asistencia telem\u00e1tica<\/strong>, (v\u00eda WhatsApp, telef\u00f3nica, Skype y eMail), para el <strong>asesoramiento directo<\/strong> a estaciones depuradoras de aguas residuales tanto urbanas como industriales y control del proceso global de depuraci\u00f3n de sus aguas residuales de forma virtual con asistencia <strong>24 horas al d\u00eda<\/strong>, los 5 d\u00edas laborales de la semana, (los 7 d\u00edas para aquellas empresas que no interrumpan su producci\u00f3n y necesiten un control de sus aguas residuales m\u00e1s exhaustivo).<\/span><\/p>\n<p style=\"text-align: justify;\"><strong>Nuestro objetivo<\/strong>: Realizar las indicaciones y recomendaciones en continuo para la mejora del proceso y optimizaci\u00f3n del vertido de agua residual.<\/p>\n<h4 style=\"text-align: justify;\"><span style=\"color: #000000;\">Descarga el tr\u00edptico con m\u00e1s informaci\u00f3n pulsando <a href=\"https:\/\/www.fqedar.com\/wp-content\/uploads\/2020\/04\/Triptico-Teleasistencia-FQ-EDAR.pdf\" target=\"_blank\" rel=\"noopener noreferrer\"><strong>AQU\u00cd<\/strong><\/a>.<\/span><\/h4>\n<p style=\"text-align: justify;\"><span style=\"color: #000000;\">Para m\u00e1s informaci\u00f3n ponerse en contacto en el <strong><a style=\"color: #000000;\" href=\"tel:+34686089035\" target=\"_blank\" rel=\"noopener noreferrer\">686089035<\/a><\/strong>\u00a0o en la direcci\u00f3n de correo electr\u00f3nico <strong><a style=\"color: #000000;\" href=\"mailto:fqedar@fqedar.com\">fqedar@fqedar.com<\/a><\/strong>.<\/span><\/p>\n","protected":false},"excerpt":{"rendered":"<p>Desde Fisicoqu\u00edmicos EDAR ponemos en marcha el nuevo servicio de asistencia telem\u00e1tica, (v\u00eda WhatsApp, telef\u00f3nica, Skype y eMail), para el asesoramiento directo a estaciones depuradoras de aguas residuales tanto urbanas como industriales y control del proceso global de depuraci\u00f3n de sus aguas residuales de forma virtual con asistencia 24 horas [&hellip;]<\/p>\n","protected":false},"author":1,"featured_media":0,"parent":10,"menu_order":13,"comment_status":"closed","ping_status":"closed","template":"","meta":{"footnotes":""},"class_list":["post-1505","page","type-page","status-publish","hentry"],"_links":{"self":[{"href":"https:\/\/www.fqedar.com\/index.php?rest_route=\/wp\/v2\/pages\/1505","targetHints":{"allow":["GET"]}}],"collection":[{"href":"https:\/\/www.fqedar.com\/index.php?rest_route=\/wp\/v2\/pages"}],"about":[{"href":"https:\/\/www.fqedar.com\/index.php?rest_route=\/wp\/v2\/types\/page"}],"author":[{"embeddable":true,"href":"https:\/\/www.fqedar.com\/index.php?rest_route=\/wp\/v2\/users\/1"}],"replies":[{"embeddable":true,"href":"https:\/\/www.fqedar.com\/index.php?rest_route=%2Fwp%2Fv2%2Fcomments&post=1505"}],"version-history":[{"count":2,"href":"https:\/\/www.fqedar.com\/index.php?rest_route=\/wp\/v2\/pages\/1505\/revisions"}],"predecessor-version":[{"id":1507,"href":"https:\/\/www.fqedar.com\/index.php?rest_route=\/wp\/v2\/pages\/1505\/revisions\/1507"}],"up":[{"embeddable":true,"href":"https:\/\/www.fqedar.com\/index.php?rest_route=\/wp\/v2\/pages\/10"}],"wp:attachment":[{"href":"https:\/\/www.fqedar.com\/index.php?rest_route=%2Fwp%2Fv2%2Fmedia&parent=1505"}],"curies":[{"name":"wp","href":"https:\/\/api.w.org\/{rel}","templated":true}]}}