{"id":20,"date":"2016-05-14T14:24:10","date_gmt":"2016-05-14T14:24:10","guid":{"rendered":"http:\/\/www.fqedar.com\/?page_id=20"},"modified":"2020-01-30T23:42:03","modified_gmt":"2020-01-30T23:42:03","slug":"diseno-del-proceso-de-edar","status":"publish","type":"page","link":"https:\/\/www.fqedar.com\/?page_id=20","title":{"rendered":"Dise\u00f1o del proceso de EDAR"},"content":{"rendered":"<p style=\"text-align: justify;\">Llegar a obtener un proceso de depuraci\u00f3n eficiente comienza por realizar un estudio completo y detallado tanto de la composici\u00f3n del agua residual, realizando un muestreo correcto y representativo de la misma, como de la ubicaci\u00f3n, estrategia y crecimiento de la industria en cuesti\u00f3n.<\/p>\n<p style=\"text-align: justify;\">Nuestro equipo de colaboraci\u00f3n dimensiona la futura planta EDAR particularizada a dichas necesidades o establece las mejoras o ampliaciones necesarias a la situaci\u00f3n actual de la ya existente.<\/p>\n<p><img loading=\"lazy\" decoding=\"async\" class=\"aligncenter wp-image-621 size-medium\" title=\"Dise\u00f1o de plantas de tratamiento de aguas residuales tanto a escala de laboratorio como a escala industrial.\" src=\"https:\/\/www.fqedar.com\/wp-content\/uploads\/2020\/01\/09-B-300x200.jpg\" alt=\"Dise\u00f1o de plantas de tratamiento de aguas residuales tanto a escala de laboratorio como a escala industrial.\" width=\"300\" height=\"200\" srcset=\"https:\/\/www.fqedar.com\/wp-content\/uploads\/2020\/01\/09-B-300x200.jpg 300w, https:\/\/www.fqedar.com\/wp-content\/uploads\/2020\/01\/09-B-1024x683.jpg 1024w, https:\/\/www.fqedar.com\/wp-content\/uploads\/2020\/01\/09-B-768x512.jpg 768w, https:\/\/www.fqedar.com\/wp-content\/uploads\/2020\/01\/09-B-750x500.jpg 750w, https:\/\/www.fqedar.com\/wp-content\/uploads\/2020\/01\/09-B-400x267.jpg 400w, https:\/\/www.fqedar.com\/wp-content\/uploads\/2020\/01\/09-B-430x287.jpg 430w, https:\/\/www.fqedar.com\/wp-content\/uploads\/2020\/01\/09-B-150x100.jpg 150w, https:\/\/www.fqedar.com\/wp-content\/uploads\/2020\/01\/09-B-100x67.jpg 100w, https:\/\/www.fqedar.com\/wp-content\/uploads\/2020\/01\/09-B-272x182.jpg 272w, https:\/\/www.fqedar.com\/wp-content\/uploads\/2020\/01\/09-B.jpg 1296w\" sizes=\"auto, (max-width: 300px) 100vw, 300px\" \/><\/p>\n<p style=\"text-align: justify;\">Seleccionamos los elementos \u00f3ptimos para cada tipo de proceso teniendo como premisa la \u00f3ptima depuraci\u00f3n con el mayor ahorro de costes.<\/p>\n<p style=\"text-align: center;\"><span style=\"color: #000000;\"><strong>Dise\u00f1o integral del proceso de depuraci\u00f3n.<\/strong><\/span><br \/>\n<span style=\"color: #000000;\"><strong> Tratamientos en la l\u00ednea de aguas (primario, secundario y terciario).<\/strong><\/span><br \/>\n<span style=\"color: #000000;\"><strong> Tratamientos en la l\u00ednea de fangos.<\/strong><\/span><\/p>\n<p style=\"text-align: justify;\"><img loading=\"lazy\" decoding=\"async\" class=\"aligncenter wp-image-622 size-medium\" title=\"Selecci\u00f3n de los elementos que compondr\u00e1n el sistema de tratamiento tanto fisicoqu\u00edmico como biol\u00f3gico.\" src=\"https:\/\/www.fqedar.com\/wp-content\/uploads\/2020\/01\/09-C-300x200.jpg\" alt=\"Selecci\u00f3n de los elementos que compondr\u00e1n el sistema de tratamiento tanto fisicoqu\u00edmico como biol\u00f3gico.\" width=\"300\" height=\"200\" srcset=\"https:\/\/www.fqedar.com\/wp-content\/uploads\/2020\/01\/09-C-300x200.jpg 300w, https:\/\/www.fqedar.com\/wp-content\/uploads\/2020\/01\/09-C-768x512.jpg 768w, https:\/\/www.fqedar.com\/wp-content\/uploads\/2020\/01\/09-C-750x500.jpg 750w, https:\/\/www.fqedar.com\/wp-content\/uploads\/2020\/01\/09-C-400x267.jpg 400w, https:\/\/www.fqedar.com\/wp-content\/uploads\/2020\/01\/09-C-430x287.jpg 430w, https:\/\/www.fqedar.com\/wp-content\/uploads\/2020\/01\/09-C-150x100.jpg 150w, https:\/\/www.fqedar.com\/wp-content\/uploads\/2020\/01\/09-C-100x67.jpg 100w, https:\/\/www.fqedar.com\/wp-content\/uploads\/2020\/01\/09-C-272x182.jpg 272w, https:\/\/www.fqedar.com\/wp-content\/uploads\/2020\/01\/09-C.jpg 1024w\" sizes=\"auto, (max-width: 300px) 100vw, 300px\" \/><\/p>\n","protected":false},"excerpt":{"rendered":"<p>Llegar a obtener un proceso de depuraci\u00f3n eficiente comienza por realizar un estudio completo y detallado tanto de la composici\u00f3n del agua residual, realizando un muestreo correcto y representativo de la misma, como de la ubicaci\u00f3n, estrategia y crecimiento de la industria en cuesti\u00f3n. Nuestro equipo de colaboraci\u00f3n dimensiona la [&hellip;]<\/p>\n","protected":false},"author":1,"featured_media":0,"parent":10,"menu_order":6,"comment_status":"closed","ping_status":"closed","template":"","meta":{"footnotes":""},"class_list":["post-20","page","type-page","status-publish","hentry"],"_links":{"self":[{"href":"https:\/\/www.fqedar.com\/index.php?rest_route=\/wp\/v2\/pages\/20","targetHints":{"allow":["GET"]}}],"collection":[{"href":"https:\/\/www.fqedar.com\/index.php?rest_route=\/wp\/v2\/pages"}],"about":[{"href":"https:\/\/www.fqedar.com\/index.php?rest_route=\/wp\/v2\/types\/page"}],"author":[{"embeddable":true,"href":"https:\/\/www.fqedar.com\/index.php?rest_route=\/wp\/v2\/users\/1"}],"replies":[{"embeddable":true,"href":"https:\/\/www.fqedar.com\/index.php?rest_route=%2Fwp%2Fv2%2Fcomments&post=20"}],"version-history":[{"count":23,"href":"https:\/\/www.fqedar.com\/index.php?rest_route=\/wp\/v2\/pages\/20\/revisions"}],"predecessor-version":[{"id":678,"href":"https:\/\/www.fqedar.com\/index.php?rest_route=\/wp\/v2\/pages\/20\/revisions\/678"}],"up":[{"embeddable":true,"href":"https:\/\/www.fqedar.com\/index.php?rest_route=\/wp\/v2\/pages\/10"}],"wp:attachment":[{"href":"https:\/\/www.fqedar.com\/index.php?rest_route=%2Fwp%2Fv2%2Fmedia&parent=20"}],"curies":[{"name":"wp","href":"https:\/\/api.w.org\/{rel}","templated":true}]}}