{"id":452,"date":"2020-01-05T23:30:50","date_gmt":"2020-01-05T23:30:50","guid":{"rendered":"http:\/\/www.fqedar.com\/?page_id=452"},"modified":"2020-04-14T22:42:56","modified_gmt":"2020-04-14T22:42:56","slug":"asesoria-medioambiental","status":"publish","type":"page","link":"https:\/\/www.fqedar.com\/?page_id=452","title":{"rendered":"Asesor\u00eda medioambiental"},"content":{"rendered":"<p style=\"text-align: justify;\">Realizamos todo tipo de estudios y asesor\u00edas medioambientales relacionadas, principalmente, con el ciclo integral del agua.<\/p>\n<p style=\"text-align: justify;\">Para informaci\u00f3n m\u00e1s espec\u00edfica, por favor contacta <span style=\"color: #000000;\"><strong><a style=\"color: #000000;\" href=\"https:\/\/www.fqedar.com\/fq-edar\/contacto\/\">AQU\u00cd<\/a><\/strong><\/span>.<\/p>\n<h3 style=\"text-align: center;\">La sostenibilidad ambiental es nuestra raz\u00f3n de trabajo.<\/h3>\n<p><img loading=\"lazy\" decoding=\"async\" class=\"aligncenter wp-image-637 size-large\" title=\"La sostenibilidad ambiental es nuestra raz\u00f3n de trabajo. Environmental sustainability is our reason for work.\" src=\"https:\/\/www.fqedar.com\/wp-content\/uploads\/2020\/01\/Medio-Ambiente-1024x724.jpg\" alt=\"La sostenibilidad ambiental es nuestra raz\u00f3n de trabajo. Environmental sustainability is our reason for work.\" width=\"1024\" height=\"724\" srcset=\"https:\/\/www.fqedar.com\/wp-content\/uploads\/2020\/01\/Medio-Ambiente-1024x724.jpg 1024w, https:\/\/www.fqedar.com\/wp-content\/uploads\/2020\/01\/Medio-Ambiente-300x212.jpg 300w, https:\/\/www.fqedar.com\/wp-content\/uploads\/2020\/01\/Medio-Ambiente-768x543.jpg 768w, https:\/\/www.fqedar.com\/wp-content\/uploads\/2020\/01\/Medio-Ambiente-1536x1086.jpg 1536w, https:\/\/www.fqedar.com\/wp-content\/uploads\/2020\/01\/Medio-Ambiente-750x530.jpg 750w, https:\/\/www.fqedar.com\/wp-content\/uploads\/2020\/01\/Medio-Ambiente-400x283.jpg 400w, https:\/\/www.fqedar.com\/wp-content\/uploads\/2020\/01\/Medio-Ambiente-430x304.jpg 430w, https:\/\/www.fqedar.com\/wp-content\/uploads\/2020\/01\/Medio-Ambiente-150x106.jpg 150w, https:\/\/www.fqedar.com\/wp-content\/uploads\/2020\/01\/Medio-Ambiente-100x71.jpg 100w, https:\/\/www.fqedar.com\/wp-content\/uploads\/2020\/01\/Medio-Ambiente.jpg 1920w\" sizes=\"auto, (max-width: 1024px) 100vw, 1024px\" \/><\/p>\n","protected":false},"excerpt":{"rendered":"<p>Realizamos todo tipo de estudios y asesor\u00edas medioambientales relacionadas, principalmente, con el ciclo integral del agua. Para informaci\u00f3n m\u00e1s espec\u00edfica, por favor contacta AQU\u00cd. La sostenibilidad ambiental es nuestra raz\u00f3n de trabajo.<\/p>\n","protected":false},"author":1,"featured_media":0,"parent":10,"menu_order":3,"comment_status":"closed","ping_status":"closed","template":"","meta":{"footnotes":""},"class_list":["post-452","page","type-page","status-publish","hentry"],"_links":{"self":[{"href":"https:\/\/www.fqedar.com\/index.php?rest_route=\/wp\/v2\/pages\/452","targetHints":{"allow":["GET"]}}],"collection":[{"href":"https:\/\/www.fqedar.com\/index.php?rest_route=\/wp\/v2\/pages"}],"about":[{"href":"https:\/\/www.fqedar.com\/index.php?rest_route=\/wp\/v2\/types\/page"}],"author":[{"embeddable":true,"href":"https:\/\/www.fqedar.com\/index.php?rest_route=\/wp\/v2\/users\/1"}],"replies":[{"embeddable":true,"href":"https:\/\/www.fqedar.com\/index.php?rest_route=%2Fwp%2Fv2%2Fcomments&post=452"}],"version-history":[{"count":6,"href":"https:\/\/www.fqedar.com\/index.php?rest_route=\/wp\/v2\/pages\/452\/revisions"}],"predecessor-version":[{"id":943,"href":"https:\/\/www.fqedar.com\/index.php?rest_route=\/wp\/v2\/pages\/452\/revisions\/943"}],"up":[{"embeddable":true,"href":"https:\/\/www.fqedar.com\/index.php?rest_route=\/wp\/v2\/pages\/10"}],"wp:attachment":[{"href":"https:\/\/www.fqedar.com\/index.php?rest_route=%2Fwp%2Fv2%2Fmedia&parent=452"}],"curies":[{"name":"wp","href":"https:\/\/api.w.org\/{rel}","templated":true}]}}